+ t**7/504 + t**6/80 - t**5/40 - 17*t**4/24 - 15*t**2. Let x(l) be the second derivative of j(l). Give x(6).
15
Let u(d) = 5*d + 2. Let g(r) = -6*r - 2. Let w(n) = -2*g(n) - 3*u(n). Let h be 16 + (-29)/(29/14). Give w(h).
-8
Let t be -6*(4 + 6)*(-32)/(-120). Let v(w) = -w**2 - 15*w + 22. Determine v(t).
6
Let p = 268 - 270. Let s(w) = -14*w - 3. Give s(p).
25
Suppose -10 = 3*t - d, 15 = -t - 3*d + 5. Let c(x) = x**3 - x**2 - 1. Let i(b) = -5*b**3 + 8*b**2 - 4*b + 10. Let a(g) = t*c(g) - i(g). Determine a(4).
10
Let w(a) = -a - 1. Let t(j) = -3*j - 20. Let d(s) = t(s) - 2*w(s). Calculate d(-9).
-9
Let z(l) = 3*l**3 + 9*l**2 + 7*l + 7. Let c(r) = -13*r - 11*r**2 - 8*r**3 + r**3 - 7*r**2 - 4 - 11. Let i(n) = 2*c(n) + 5*z(n). Give i(-8).
-3
Let k = 115 - 118. Let d(h) be the first derivative of h**4/4 + 2*h**3/3 + 4*h + 2. Determine d(k).
-5
Suppose 0*y + 2 = y. Let c(b) = -y*b + 4*b - b - b**2 - 1. What is c(2)?
-3
Let j(i) be the first derivative of -i**5/60 + 5*i**4/24 + 5*i**3 - 5. Let q(y) be the third derivative of j(y). What is q(5)?
-5
Let q(x) = 2*x - 1. Suppose -m + 22 = -0*m. Let l = 18 - m. Give q(l).
-9
Let q(l) = l + 66. Let s be q(0). Suppose -3*p + 0*p = -s. Let k = p - 16. Let u(g) = -g + 7. Determine u(k).
1
Suppose 18 = 2*f - 24*n + 22*n, -3*n - 35 = -5*f. Let i(y) = -y**3 + 3*y**2 + 6*y - 4. Calculate i(f).
4
Let w be ((-1)/4)/((-11)/220). Let d(b) = -w - 2*b**2 + b - 7*b + 3*b**2. Determine d(6).
-5
Let f(m) be the first derivative of -m**6/20 - 5*m**3/3 + 11. Let b(h) be the third derivative of f(h). Calculate b(1).
-18
Let x = -19 + 16. Let f be (x - -3) + -3 + 5. Let s(t) = -1 - 2 + 6*t - t**f + 1. Determine s(6).
-2
Let r be (17/(850/(-20)))/((-1)/(-5)). Let c(p) = 4*p**2 - 4*p - 3. Determine c(r).
21
Let j(o) = o**2 + 6*o. Let c be j(-7). Suppose c*p + 10 = 2*g + 4*p, 3*p + 7 = 5*g. Let s be (0 + -1)/(g + 2). Let m(f) = 8*f**2 + f. Determine m(s).
7
Suppose -2*l = 4*m - 12, -3*l - 5*m = -3*m - 22. Let y(x) = l*x**2 + 1 + 4*x**2 + 9*x**2. Give y(-1).
22
Suppose -4*h = -3*i + 50, -5*i + i = 3*h - 25. Let m(t) be the first derivative of -t**3/3 + 5*t**2 + 11*t - 6. What is m(i)?
11
Let d(l) = -l**2 - 11*l - l**2 + 4*l - 14 + 16 - 7*l. Determine d(-9).
-34
Let y(t) = t**2 - 3*t - 1. Let d = 47 - 45. Let q be (16/(-10))/(d/30*-6). Calculate y(q).
3
Let k(v) = -2*v**2 - v. Suppose 2*q = -5*o, 0 = -3*q + q + 5*o. Suppose q*j + 6 = 2*j. Suppose 4*c - j*c - 1 = 4*z, 2*c - 7 = 3*z. Calculate k(z).
-3
Let p(w) be the second derivative of 11*w**3/6 + 3*w**2 + 19*w. Determine p(-4).
-38
Let p(g) = -g + 6*g**2 + 0 + 1 + 2*g**3 - 7*g**2. Let r be p(1). Let f(a) = 6*a + 0*a + 0*a. Give f(r).
6
Let h(l) = -l**3 + l**2 + 5*l - 4. Let t be h(-2). Let b(u) = -2*u**3 - 3*u**2 - 2*u + 2. Calculate b(t).
10
Let m(j) be the second derivative of 0 - j - 1/6*j**3 - 2*j**2. Suppose 8*i + 5*i = i. Determine m(i).
-4
Suppose -2*b - 3*s = 4, 2*b - 2*s - 1 = 5*b. Let u(i) = 0*i**2 + 5*i + 1 - i**2 + 3. Let c(p) = p + 1. Let w(x) = 4*c(x) - u(x). Calculate w(b).
0
Let c(t) = 13*t**3 - 4*t**3 - 3 - 8*t**3 - 5*t - 5*t**2. Determine c(6).
3
Let l(k) = 3*k**2 + 4*k + 2. Let u(m) = 7*m**2 - 2*m + 1. Let n be u(1). Suppose 4*o - 28 = -4*y, -4*y + n*o + 16 = 4*o. Suppose -y*q - 5 = 5. Determine l(q).
6
Let c(g) be the first derivative of -g**3/3 + g**2 + g + 179. Suppose -4*b + 1 = -5*b. Let q be ((-1)/(1 - 2))/b. Determine c(q).
-2
Let p(d) = d**3 - 16. Let n be (-150)/(-90)*3/10*0. Determine p(n).
-16
Let r(j) = j**3 - 5*j**2 + 6*j - 27. Let p be r(5). Let s(z) = -2*z. Let g(c) = -5*c. Let x = 10 - 3. Let h(b) = x*s(b) - 3*g(b). Determine h(p).
3
Let s = -11 + 6. Let j(w) = 4*w + 7. Let b(x) = -3*x - 6. Let m(i) = s*b(i) - 4*j(i). Suppose 3*y = -9*y + 72. What is m(y)?
-4
Let r(n) = n**3 + 6*n**2 - 3. Suppose -23 = z - 75. Let j be z/(-12) - (-5)/(-3). What is r(j)?
-3
Let x be -5 - (-6 - -1) - (-10 + -1). Let i(l) = -l**2 - 12*l - 8. Let t(u) = 3*u**2 + 35*u + 24. Let f(d) = x*i(d) + 4*t(d). Calculate f(-7).
1
Let p = 106/11 + -201/22. Let x(m) be the first derivative of 0*m - 9 - p*m**2. Calculate x(-3).
3
Let i(w) = -5*w + 17*w**2 - 3*w - 38 + 9*w + 39. Determine i(-1).
17
Let v(k) = k**2 + 5*k + 7. Suppose 6 = -8*j - 18. Give v(j).
1
Let n(w) = -w**3 + w**2 + w - 4. Let p(v) = -v + 2. Let q be p(-1). Suppose 4 = -q*u + 2*t, 0*u + 2*t = u + 4. Calculate n(u).
-4
Let d(b) be the second derivative of -b**2 + 7*b + 1/12*b**4 + 0*b**3 + 0. What is d(2)?
2
Let u(c) = 10*c - 1. Let g = 1281 + -1283. Calculate u(g).
-21
Suppose 22*o + 15 = -161. Let l(g) = g**3 + 6*g**2 - 10*g - 12. What is l(o)?
-60
Suppose 3*t + t + x + 11 = 0, 2*x = 3*t + 11. Let n = t + 1. Let b(d) = 9*d - 2. Give b(n).
-20
Let n(c) = -9*c + 10. Let m(z) = 2*z - 1. Let q(v) = -3*m(v) - n(v). What is q(-6)?
-25
Let g(s) = s**3 - 5*s**2 + 6*s + 6. Let d(w) = -2*w**3 + 6*w**2 - 7*w - 7. Let i(n) = 2*d(n) + 3*g(n). What is i(-4)?
4
Let p(y) = -y**3 + 4*y**2 + 6*y + 2. Suppose -3*i + g - 10 = 0, 2*i - 3*g + 1 = -1. Let z be 2 + 1 - (-6 - i). What is p(z)?
7
Let r = 88 - 81. Suppose -r = -l - 13. Let h(g) = -g**2 - 4*g + 6. Give h(l).
-6
Let g(j) = 3*j**3 - 5*j**2 - 5*j - 6. Let u(o) = o**3 - 1. Let d(w) = g(w) - 4*u(w). Let b be d(-4). Let k(m) = 3*m - 2 - 8*m + 2*m + 0*m. Calculate k(b).
-8
Let f(b) = b - 7. Let x = -41 + 29. Let c be 5/(-30) - 26/x. Suppose 0*q - 5*q - c*i - 2 = 0, 5*q + 1 = -i. Calculate f(q).
-7
Let h be (-31)/(-11) + 6/33. Let n(l) = 2*l**2 + 3*l - 7. Let x(a) = a**2 + 3*a - 6. Let z(m) = 2*n(m) - 3*x(m). Calculate z(h).
4
Suppose 4*f - 12 = 0, -2*r - 5*f = -7*r - 5. Let h(b) = 64*b + 56*b + 60*b - r - 183*b. Calculate h(-5).
13
Let d(y) = -y + 12. Let f = -150 - -150. Determine d(f).
12
Let r be 0/1 - (-9)/3. Suppose 5*j = 5, -o - r*j + 0 = -7. Let p(s) = -3*s - 8*s**2 - s**3 - 1 + o*s**2 + 0*s + 0*s**3. Determine p(-2).
-3
Let k(a) = a**3 - 7*a**2 + 4*a + 8. Let x(j) = -j - 2. Let y be x(7). Let t(n) = n - 28. Let m be t(13). Let w = y - m. What is k(w)?
-4
Let y = -34 - -38. Let v(n) be the first derivative of -n**7/840 + n**6/72 - n**5/30 + n**4/8 + n**3/3 + 1. Let r(b) be the third derivative of v(b). Give r(y).
3
Let z(p) = 9*p**2 - 2*p - 1. Suppose 3*r - 2*l - 51 = 2*l, -5*r + 80 = -5*l. Suppose 2*w - 23 = s, 3*w - 3*s - 33 = -0*w. Let d = w - r. What is z(d)?
10
Let a(n) = -n**2 + 4. Let u(w) = w**2 - w - 5. Suppose -4*k + s + 11 = -3, -3*s = k + 3. Let y(p) = k*u(p) + 4*a(p). What is y(-3)?
1
Suppose 5*u + 53 = -4*c + 14, -2*u + c - 13 = 0. Let v(n) = -n**2 - 7*n - 9. Calculate v(u).
-9
Let w(j) = -7 - j - 8 + 6 + 2*j. Give w(-8).
-17
Let p = 1291 + -1283. Let a(y) = y**3 - 12*y**2 + 34*y - 12. Determine a(p).
4
Let a = 217 + -216. Let u(y) = -y**2 - 1. Let f(z) = -13*z**2 + z - 6. Let m(j) = f(j) - 6*u(j). Calculate m(a).
-6
Let m(z) = 22 + z**2 - 56 + 19 + 6*z + 0*z**2 + 14. Let a = 6 - 12. Determine m(a).
-1
Let c = 83 - 89. Let x be ((-4)/c)/(4/(-72)). Let f(w) = -w**2 - 13*w - 14. Determine f(x).
-2
Let m(u) be the first derivative of u**4/4 + 2*u**3/3 - u**2/2 + 4*u + 2. Let q = -61 + 58. Give m(q).
-2
Let r(x) = x**3 - 4*x**2 - 5*x + 6. Suppose -q - 5*c = 10 + 12, -4*q - 2*c = 34. Let a be (-8)/8 + 2/(-2). Let p = a - q. What is r(p)?
6
Let p(x) = -x. Suppose -4*o - 12 = -8*o. Let a(y) = 2*y. Let b(f) = o*p(f) + a(f). Let k = 12 - 14. Calculate b(k).
2
Let h(f) = 6*f**2 + 39*f + 25. Let g be h(-6). Let n(r) = r**3 - 6*r**2 - 9*r + 10. What is n(g)?
-4
Suppose -2*b - 4*j = -50, -3*b = -5*j + 2*j - 57. Let u be -2*(b/(-6) - -1). Let l(p) = -262*p + 263*p - 2 - 1. What is l(u)?
2
Let u be (-4)/8*(2 - 0). Let s be u/((1 - 0) + 0). Let n(d) = -d - 1. Let b(h) = h + 1. Let g(o) = -6*b(o) - 5*n(o). Determine g(s).
0
Let y(j) = 28*j + 77. Let h(q) = 17*q + 51. Let a(m) = -8*h(m) + 5*y(m). Calculate a(5).
-3
Let b(r) = -13*r**3 - 5*r**2 - 7*r - 21. Let m(y) = 10*y**3 + 6*y**2 + 6*y + 21. Let z(w) = 3*b(w) + 4*m(w). Calculate z(-9).
-6
Let a(j) = 9*j - 9*j + 5 - 3 - j**2 - j**3. Let f be a(0). Let w(x) = 2*x + 1 - 3*x + f*x. Determine w(4).
5
Let b(u) = -676*u + 91. Let p(x) = -15*x + 2. Let d(v) = -2*b(v) + 91*p(v). Let z(o) = 19*o. Let m(s) = 7*d(s) + 5*z(s). What is m(-1)?
-4
Let f be 75/(-275) - (-91)/11. Let q(b) = -b**3 + 7*b**2 + 10*b - 2. What is q(f)?
14
